rime factors of 290911543.
13, 337, 66403
List the prime factors of 28358451.
3, 11, 95483
List the prime factors of 1009951.
1009951
List the prime factors of 6864004338.
2, 3, 547, 2091409
What are the prime factors of 126725967?
3, 211, 66733
What are the prime factors of 277541579?
7, 2063, 19219
List the prime factors of 88130199.
3, 73, 103, 3907
List the prime factors of 68221912.
2, 11, 61, 71, 179
What are the prime factors of 93767485?
5, 7, 229, 11699
What are the prime factors of 6550521052?
2, 79, 541, 38317
What are the prime factors of 272872314?
2, 3, 11, 13, 11779
List the prime factors of 346098210.
2, 3, 5, 79, 146033
What are the prime factors of 1474870716?
2, 3, 11, 47, 109, 727
List the prime factors of 164934729.
3, 18326081
List the prime factors of 568790343.
3, 11, 212791
List the prime factors of 21974052.
2, 3, 1831171
List the prime factors of 86374285.
5, 19, 909203
List the prime factors of 480293546.
2, 240146773
List the prime factors of 123553553.
47, 1063, 2473
List the prime factors of 63263392.
2, 17, 116293
What are the prime factors of 620977878?
2, 3, 43, 802297
List the prime factors of 3174574463.
3174574463
What are the prime factors of 55748101?
55748101
What are the prime factors of 30183285?
3, 5, 11, 182929
List the prime factors of 614938468.
2, 153734617
List the prime factors of 46486534.
2, 17, 1069, 1279
List the prime factors of 194272295.
5, 7, 53, 104729
List the prime factors of 173657366.
2, 86828683
List the prime factors of 1539061340.
2, 5, 17, 31, 146021
List the prime factors of 39454853.
39454853
What are the prime factors of 47281131?
3, 17, 239, 431
List the prime factors of 57409139.
57409139
What are the prime factors of 843202716?
2, 3, 599, 117307
List the prime factors of 144095428.
2, 36023857
List the prime factors of 563293370.
2, 5, 56329337
What are the prime factors of 213183223?
11, 3041, 6373
What are the prime factors of 474659820?
2, 3, 5, 29, 90931
List the prime factors of 894059499.
3, 31, 443, 21701
What are the prime factors of 1925265569?
67, 28735307
What are the prime factors of 594101478?
2, 3, 193, 513041
List the prime factors of 7784597.
661, 11777
What are the prime factors of 3439731544?
2, 5839, 73637
List the prime factors of 2143094250.
2, 3, 5, 11, 47, 5527
List the prime factors of 44717529.
3, 14905843
What are the prime factors of 377145645?
3, 5, 25143043
List the prime factors of 205823472.
2, 3, 4287989
List the prime factors of 48331413.
3, 13, 413089
List the prime factors of 58474522.
2, 29237261
What are the prime factors of 105712768?
2, 7, 127, 929
List the prime factors of 296052281.
7, 19, 37, 60161
List the prime factors of 1353446427.
3, 137, 3293057
What are the prime factors of 28805086?
2, 2719, 5297
List the prime factors of 475477843.
475477843
List the prime factors of 6166970.
2, 5, 229, 2693
List the prime factors of 28594405.
5, 7, 23, 35521
List the prime factors of 7271997.
3, 2423999
What are the prime factors of 121579747?
121579747
What are the prime factors of 98536087?
13, 7579699
What are the prime factors of 16492070?
2, 5, 7, 235601
What are the prime factors of 107108364?
2, 3, 11, 17, 59, 809
What are the prime factors of 772819860?
2, 3, 5, 12880331
What are the prime factors of 732002458?
2, 11, 313, 106303
What are the prime factors of 5148826176?
2, 3, 13, 17, 121343
What are the prime factors of 763253810?
2, 5, 11, 6938671
What are the prime factors of 358836782?
2, 17, 10554023
What are the prime factors of 34387445?
5, 6877489
List the prime factors of 232677523.
13, 17898271
List the prime factors of 951018061.
7, 53, 1373, 1867
List the prime factors of 53629704.
2, 3, 19, 197, 199
List the prime factors of 89562408.
2, 3, 13, 287059
What are the prime factors of 255396848?
2, 7, 17, 31, 4327
List the prime factors of 57114256.
2, 109, 32749
What are the prime factors of 1003383?
3, 111487
List the prime factors of 56834032.
2, 1109, 3203
List the prime factors of 1864329116.
2, 13, 35852483
List the prime factors of 26704485.
3, 5, 31, 709
What are the prime factors of 9357155?
5, 79, 23689
List the prime factors of 426123958.
2, 13, 16389383
What are the prime factors of 78382058?
2, 37, 1059217
What are the prime factors of 2135291097?
3, 601, 1184299
List the prime factors of 1901588464.
2, 29, 141319
What are the prime factors of 638918802?
2, 3, 35495489
What are the prime factors of 42942887?
13, 223, 14813
What are the prime factors of 707852853?
3, 23, 31, 47, 2347
What are the prime factors of 124437012?
2, 3, 7, 43, 47, 733
What are the prime factors of 21501304?
2, 11, 244333
What are the prime factors of 29927628?
2, 3, 831323
What are the prime factors of 117293601?
3, 131, 157, 1901
List the prime factors of 96531006.
2, 3, 11, 13, 112507
List the prime factors of 191952934.
2, 19, 5051393
What are the prime factors of 19108129?
19, 29, 34679
What are the prime factors of 858806858?
2, 7, 13, 109, 43291
What are the prime factors of 221959010?
2, 5, 7, 13, 243911
List the prime factors of 455784748.
2, 113946187
List the prime factors of 1091798009.
59, 18505051
List the prime factors of 1584835412.
2, 821, 482593
What are the prime factors of 1865388797?
1865388797
What are the prime factors of 129405245?
5, 23, 211, 5333
What are the prime factors of 95833303?
6689, 14327
What are the prime factors of 47385282?
2, 3, 7, 277, 4073
List the prime factors of 266369836.
2, 66592459
What are the prime factors of 260944693?
257, 1015349
List the prime factors of 3850573949.
3850573949
What are the prime factors of 39497116?
2, 113, 87383
What are the prime factors of 178402916?
2, 109, 373, 1097
List the prime factors of 186591393.
3, 20732377
What are the prime factors of 182966665?
5, 7, 17, 37, 8311
What are the prime factors of 8028299491?
563, 14259857
What are the prime factors of 3152388177?
3, 11941, 29333
What are the prime factors of 2049610?
2, 5, 97, 2113
What are the prime factors of 347323875?
3, 5, 83, 11159
What are the prime factors of 4364783926?
2, 509, 4287607
What are the prime factors of 373561526?
2, 13, 773, 18587
What are the prime factors of 4922114310?
2, 3, 5, 23, 557, 1423
What are the prime factors of 173259784?
2, 17, 19, 3529
What are the prime factors of 3941282981?
20759, 189859
What are the prime factors of 241104974?
2, 11, 457, 23981
What are the prime factors of 7294651152?
2, 3, 19, 7998521
What are the prime factors of 110642196?
2, 3, 7, 26881
List the prime factors of 90332040.
2, 3, 5, 23, 1423
List the prime factors of 85321271.
7, 137, 88969
List the prime factors of 41591598.
2, 3, 101, 68633
What are the prime factors of 112825406?
2, 56412703
What are the prime factors of 6876441211?
21013, 327247
List the prime factors of 4502914577.
7, 643273511
What are the prime factors of 2970970?
2, 5, 297097
List the prime factors of 146556282.
2, 3, 31, 61, 12917
What are the prime factors of 1387053767?
11, 2473, 50989
What are the prime factors of 3170848624?
2, 127, 1560457
List the prime factors of 73388495.
5, 14677699
What are the prime factors of 2909824141?
7, 19, 337, 64921
List the prime factors of 293566270.
2, 5, 107, 274361
List the prime factors of 148825836.
2, 3, 153113
List the prime factors of 15511358.
2, 2237, 3467
List the prime factors of 546237360.
2, 3, 5, 31, 24473
What are the prime factors of 3160920873?
3, 11, 757, 11503
List the prime factors of 30486463.
7, 4355209
List the prime factors of 19313934.
2, 3, 83, 38783
List the prime factors of 486795187.
17, 28635011
List the prime factors of 278308089.
3, 1867, 5521
What are the prime factors of 748238936?
2, 5557, 16831
List the prime factors of 1100950392.
2, 3, 37, 107, 11587
What are the prime factors of 294587449?
13, 71, 24551
List the prime factors of 260260973.
7, 17, 127, 1013
List the prime factors of 60693630.
2, 3, 5, 2023121
List the prime factors of 736479280.
2, 5, 2663, 3457
List the prime factors of 893948868.
2, 3, 24831913
What are the prime factors of 1141016871?
3, 59, 1153, 5591
What are the prime factors of 593765282?
2, 11, 467, 57793
List the prime factors of 357947803.
17443, 20521
List the prime factors of 2024252790.
2, 3, 5, 7, 257, 37507
